{"id":86,"date":"2018-02-07T10:48:58","date_gmt":"2018-02-07T10:48:58","guid":{"rendered":"http:\/\/jakobschafe-ostfriesische-moewen.de\/?page_id=86"},"modified":"2026-02-21T10:16:56","modified_gmt":"2026-02-21T10:16:56","slug":"veranstaltungen","status":"publish","type":"page","link":"https:\/\/jakobschafe-ostfriesische-moewen.de\/?page_id=86","title":{"rendered":"Veranstaltungen"},"content":{"rendered":"\n<h2 class=\"wp-block-heading\">2025<\/h2>\n\n\n\n<p>Landesschau in H\u00fcckeswagen<\/p>\n\n\n\n<p>Eine Gruppe Jakobschafe aus Essen mit dem Siegertier Daisy<\/p>\n\n\n\n<figure class=\"wp-block-image\"><img loading=\"lazy\" decoding=\"async\" width=\"2560\" height=\"1920\" src=\"http:\/\/jakobschafe-ostfriesische-moewen.de\/wp-content\/uploads\/2025\/12\/Landesschau2025-scaled.jpeg\" alt=\"\" class=\"wp-image-313\" srcset=\"https:\/\/jakobschafe-ostfriesische-moewen.de\/wp-content\/uploads\/2025\/12\/Landesschau2025-scaled.jpeg 2560w, https:\/\/jakobschafe-ostfriesische-moewen.de\/wp-content\/uploads\/2025\/12\/Landesschau2025-300x225.jpeg 300w, https:\/\/jakobschafe-ostfriesische-moewen.de\/wp-content\/uploads\/2025\/12\/Landesschau2025-1024x768.jpeg 1024w, https:\/\/jakobschafe-ostfriesische-moewen.de\/wp-content\/uploads\/2025\/12\/Landesschau2025-768x576.jpeg 768w, https:\/\/jakobschafe-ostfriesische-moewen.de\/wp-content\/uploads\/2025\/12\/Landesschau2025-1536x1152.jpeg 1536w, https:\/\/jakobschafe-ostfriesische-moewen.de\/wp-content\/uploads\/2025\/12\/Landesschau2025-2048x1536.jpeg 2048w\" sizes=\"auto, (max-width: 767px) 89vw, (max-width: 1000px) 54vw, (max-width: 1071px) 543px, 580px\" \/><\/figure>\n\n\n\n<p>2022<\/p>\n\n\n\n<p>Vom 30.09.22 bis einschlie\u00dflich 02.10.22 fand die Bundesschau in Alsfeld Hessen mit \u00fcber 500 Schafen statt. Hier wurde ich mit einem Tier Wollsieger. .<\/p>\n\n\n\n<h2 class=\"wp-block-heading\">Wollsieger 2022<\/h2>\n\n\n\n<figure class=\"wp-block-image\"><img loading=\"lazy\" decoding=\"async\" width=\"1265\" height=\"1900\" src=\"http:\/\/jakobschafe-ostfriesische-moewen.de\/wp-content\/uploads\/2025\/12\/Bundesschau-Alsfeld-2022.jpg\" alt=\"\" class=\"wp-image-311\" srcset=\"https:\/\/jakobschafe-ostfriesische-moewen.de\/wp-content\/uploads\/2025\/12\/Bundesschau-Alsfeld-2022.jpg 1265w, https:\/\/jakobschafe-ostfriesische-moewen.de\/wp-content\/uploads\/2025\/12\/Bundesschau-Alsfeld-2022-200x300.jpg 200w, https:\/\/jakobschafe-ostfriesische-moewen.de\/wp-content\/uploads\/2025\/12\/Bundesschau-Alsfeld-2022-682x1024.jpg 682w, https:\/\/jakobschafe-ostfriesische-moewen.de\/wp-content\/uploads\/2025\/12\/Bundesschau-Alsfeld-2022-768x1154.jpg 768w, https:\/\/jakobschafe-ostfriesische-moewen.de\/wp-content\/uploads\/2025\/12\/Bundesschau-Alsfeld-2022-1023x1536.jpg 1023w\" sizes=\"auto, (max-width: 767px) 89vw, (max-width: 1000px) 54vw, (max-width: 1071px) 543px, 580px\" \/><\/figure>\n\n\n\n<h2 class=\"wp-block-heading\">Wettbewerb Wolle <\/h2>\n\n\n\n<figure class=\"wp-block-image size-large\"><img loading=\"lazy\" decoding=\"async\" width=\"1024\" height=\"461\" src=\"http:\/\/jakobschafe-ostfriesische-moewen.de\/wp-content\/uploads\/2024\/01\/IMG-20221005-WA0025-1024x461.jpg\" alt=\"\" class=\"wp-image-284\" srcset=\"https:\/\/jakobschafe-ostfriesische-moewen.de\/wp-content\/uploads\/2024\/01\/IMG-20221005-WA0025-1024x461.jpg 1024w, https:\/\/jakobschafe-ostfriesische-moewen.de\/wp-content\/uploads\/2024\/01\/IMG-20221005-WA0025-300x135.jpg 300w, https:\/\/jakobschafe-ostfriesische-moewen.de\/wp-content\/uploads\/2024\/01\/IMG-20221005-WA0025-768x346.jpg 768w, https:\/\/jakobschafe-ostfriesische-moewen.de\/wp-content\/uploads\/2024\/01\/IMG-20221005-WA0025-1536x691.jpg 1536w, https:\/\/jakobschafe-ostfriesische-moewen.de\/wp-content\/uploads\/2024\/01\/IMG-20221005-WA0025.jpg 2000w\" sizes=\"auto, (max-width: 767px) 89vw, (max-width: 1000px) 54vw, (max-width: 1071px) 543px, 580px\" \/><\/figure>\n\n\n\n<p>Berlin\/Bundesschau<\/p>\n\n\n\n<figure class=\"wp-block-image size-large\"><img loading=\"lazy\" decoding=\"async\" width=\"1024\" height=\"461\" src=\"http:\/\/jakobschafe-ostfriesische-moewen.de\/wp-content\/uploads\/2024\/01\/IMG-20221005-WA00281-1024x461.jpg\" alt=\"\" class=\"wp-image-285\" srcset=\"https:\/\/jakobschafe-ostfriesische-moewen.de\/wp-content\/uploads\/2024\/01\/IMG-20221005-WA00281-1024x461.jpg 1024w, https:\/\/jakobschafe-ostfriesische-moewen.de\/wp-content\/uploads\/2024\/01\/IMG-20221005-WA00281-300x135.jpg 300w, https:\/\/jakobschafe-ostfriesische-moewen.de\/wp-content\/uploads\/2024\/01\/IMG-20221005-WA00281-768x346.jpg 768w, https:\/\/jakobschafe-ostfriesische-moewen.de\/wp-content\/uploads\/2024\/01\/IMG-20221005-WA00281-1536x691.jpg 1536w, https:\/\/jakobschafe-ostfriesische-moewen.de\/wp-content\/uploads\/2024\/01\/IMG-20221005-WA00281.jpg 2000w\" sizes=\"auto, (max-width: 767px) 89vw, (max-width: 1000px) 54vw, (max-width: 1071px) 543px, 580px\" \/><\/figure>\n\n\n\n<h2 class=\"wp-block-heading\">2017 Berliner Woche<\/h2>\n\n\n<p><img loading=\"lazy\" decoding=\"async\" class=\"alignnone wp-image-51 size-large\" src=\"http:\/\/jakobschafe-ostfriesische-moewen.de\/wp-content\/uploads\/2018\/02\/DSC02032-1024x768.jpg\" alt=\"\" width=\"525\" height=\"394\" srcset=\"https:\/\/jakobschafe-ostfriesische-moewen.de\/wp-content\/uploads\/2018\/02\/DSC02032-1024x768.jpg 1024w, https:\/\/jakobschafe-ostfriesische-moewen.de\/wp-content\/uploads\/2018\/02\/DSC02032-300x225.jpg 300w, https:\/\/jakobschafe-ostfriesische-moewen.de\/wp-content\/uploads\/2018\/02\/DSC02032-768x576.jpg 768w, https:\/\/jakobschafe-ostfriesische-moewen.de\/wp-content\/uploads\/2018\/02\/DSC02032.jpg 2048w\" sizes=\"auto, (max-width: 525px) 100vw, 525px\" \/><\/p>\n<h3>2014<\/h3>\n<p>Bundesschau Saarland<\/p>\n<figure id=\"attachment_70\" aria-describedby=\"caption-attachment-70\" style=\"width: 525px\" class=\"wp-caption alignnone\"><img loading=\"lazy\" decoding=\"async\" class=\"wp-image-70 size-large\" src=\"http:\/\/jakobschafe-ostfriesische-moewen.de\/wp-content\/uploads\/2018\/02\/PA040192-768x1024.jpeg\" alt=\"\" width=\"525\" height=\"700\" srcset=\"https:\/\/jakobschafe-ostfriesische-moewen.de\/wp-content\/uploads\/2018\/02\/PA040192-768x1024.jpeg 768w, https:\/\/jakobschafe-ostfriesische-moewen.de\/wp-content\/uploads\/2018\/02\/PA040192-225x300.jpeg 225w, https:\/\/jakobschafe-ostfriesische-moewen.de\/wp-content\/uploads\/2018\/02\/PA040192.jpeg 1920w\" sizes=\"auto, (max-width: 525px) 100vw, 525px\" \/><figcaption id=\"caption-attachment-70\" class=\"wp-caption-text\"><strong>\u00a0\u00a0 <br \/><\/strong><\/figcaption><\/figure>\n<p><img loading=\"lazy\" decoding=\"async\" class=\"alignnone wp-image-67 size-large\" src=\"http:\/\/jakobschafe-ostfriesische-moewen.de\/wp-content\/uploads\/2018\/02\/PA040116-1024x768.jpeg\" alt=\"\" width=\"525\" height=\"394\" srcset=\"https:\/\/jakobschafe-ostfriesische-moewen.de\/wp-content\/uploads\/2018\/02\/PA040116-1024x768.jpeg 1024w, https:\/\/jakobschafe-ostfriesische-moewen.de\/wp-content\/uploads\/2018\/02\/PA040116-300x225.jpeg 300w, https:\/\/jakobschafe-ostfriesische-moewen.de\/wp-content\/uploads\/2018\/02\/PA040116-768x576.jpeg 768w\" sizes=\"auto, (max-width: 525px) 100vw, 525px\" \/><\/p>\n\n\n<p><\/p>\n\n\n\n<figure class=\"wp-block-image size-large\"><img loading=\"lazy\" decoding=\"async\" width=\"1024\" height=\"576\" src=\"http:\/\/jakobschafe-ostfriesische-moewen.de\/wp-content\/uploads\/2026\/02\/WP_20150909_0181-1024x576.jpg\" alt=\"Die ersten Zuchttiere aus Schottland\" class=\"wp-image-325\" srcset=\"https:\/\/jakobschafe-ostfriesische-moewen.de\/wp-content\/uploads\/2026\/02\/WP_20150909_0181-1024x576.jpg 1024w, https:\/\/jakobschafe-ostfriesische-moewen.de\/wp-content\/uploads\/2026\/02\/WP_20150909_0181-300x169.jpg 300w, https:\/\/jakobschafe-ostfriesische-moewen.de\/wp-content\/uploads\/2026\/02\/WP_20150909_0181-768x432.jpg 768w, https:\/\/jakobschafe-ostfriesische-moewen.de\/wp-content\/uploads\/2026\/02\/WP_20150909_0181-1536x864.jpg 1536w, https:\/\/jakobschafe-ostfriesische-moewen.de\/wp-content\/uploads\/2026\/02\/WP_20150909_0181-2048x1152.jpg 2048w\" sizes=\"auto, (max-width: 767px) 89vw, (max-width: 1000px) 54vw, (max-width: 1071px) 543px, 580px\" \/><\/figure>\n\n\n\n<h2 class=\"wp-block-heading\">Die ersten Zuchttiere aus Schottland<\/h2>\n\n\n\n<figure class=\"wp-block-image\"><img loading=\"lazy\" decoding=\"async\" width=\"2560\" height=\"1440\" src=\"https:\/\/jakobschafe-ostfriesische-moewen.de\/wp-content\/uploads\/2026\/02\/20170622_172117-scaled.jpg\" alt=\"\" class=\"wp-image-336\" srcset=\"https:\/\/jakobschafe-ostfriesische-moewen.de\/wp-content\/uploads\/2026\/02\/20170622_172117-scaled.jpg 2560w, https:\/\/jakobschafe-ostfriesische-moewen.de\/wp-content\/uploads\/2026\/02\/20170622_172117-300x169.jpg 300w, https:\/\/jakobschafe-ostfriesische-moewen.de\/wp-content\/uploads\/2026\/02\/20170622_172117-1024x576.jpg 1024w, https:\/\/jakobschafe-ostfriesische-moewen.de\/wp-content\/uploads\/2026\/02\/20170622_172117-768x432.jpg 768w, https:\/\/jakobschafe-ostfriesische-moewen.de\/wp-content\/uploads\/2026\/02\/20170622_172117-1536x864.jpg 1536w, https:\/\/jakobschafe-ostfriesische-moewen.de\/wp-content\/uploads\/2026\/02\/20170622_172117-2048x1152.jpg 2048w\" sizes=\"auto, (max-width: 767px) 89vw, (max-width: 1000px) 54vw, (max-width: 1071px) 543px, 580px\" \/><\/figure>\n\n\n\n<h2 class=\"wp-block-heading\">Besuch der Highland Games in Edinburgh. Hier sind Freunde aus Schottland bei der Vorf\u00fchrung ihrer Tiere zu sehen.<\/h2>\n\n\n\n<figure class=\"wp-block-image\"><img loading=\"lazy\" decoding=\"async\" width=\"2560\" height=\"1920\" src=\"https:\/\/jakobschafe-ostfriesische-moewen.de\/wp-content\/uploads\/2026\/02\/DSCN2159-scaled.jpg\" alt=\"\" class=\"wp-image-321\" srcset=\"https:\/\/jakobschafe-ostfriesische-moewen.de\/wp-content\/uploads\/2026\/02\/DSCN2159-scaled.jpg 2560w, https:\/\/jakobschafe-ostfriesische-moewen.de\/wp-content\/uploads\/2026\/02\/DSCN2159-300x225.jpg 300w, https:\/\/jakobschafe-ostfriesische-moewen.de\/wp-content\/uploads\/2026\/02\/DSCN2159-1024x768.jpg 1024w, https:\/\/jakobschafe-ostfriesische-moewen.de\/wp-content\/uploads\/2026\/02\/DSCN2159-768x576.jpg 768w, https:\/\/jakobschafe-ostfriesische-moewen.de\/wp-content\/uploads\/2026\/02\/DSCN2159-1536x1152.jpg 1536w, https:\/\/jakobschafe-ostfriesische-moewen.de\/wp-content\/uploads\/2026\/02\/DSCN2159-2048x1536.jpg 2048w\" sizes=\"auto, (max-width: 767px) 89vw, (max-width: 1000px) 54vw, (max-width: 1071px) 543px, 580px\" \/><\/figure>\n\n\n\n<figure class=\"wp-block-image\"><img loading=\"lazy\" decoding=\"async\" width=\"2560\" height=\"1440\" src=\"https:\/\/jakobschafe-ostfriesische-moewen.de\/wp-content\/uploads\/2026\/02\/20170622_170201-scaled.jpg\" alt=\"\" class=\"wp-image-335\" srcset=\"https:\/\/jakobschafe-ostfriesische-moewen.de\/wp-content\/uploads\/2026\/02\/20170622_170201-scaled.jpg 2560w, https:\/\/jakobschafe-ostfriesische-moewen.de\/wp-content\/uploads\/2026\/02\/20170622_170201-300x169.jpg 300w, https:\/\/jakobschafe-ostfriesische-moewen.de\/wp-content\/uploads\/2026\/02\/20170622_170201-1024x576.jpg 1024w, https:\/\/jakobschafe-ostfriesische-moewen.de\/wp-content\/uploads\/2026\/02\/20170622_170201-768x432.jpg 768w, https:\/\/jakobschafe-ostfriesische-moewen.de\/wp-content\/uploads\/2026\/02\/20170622_170201-1536x864.jpg 1536w, https:\/\/jakobschafe-ostfriesische-moewen.de\/wp-content\/uploads\/2026\/02\/20170622_170201-2048x1152.jpg 2048w\" sizes=\"auto, (max-width: 767px) 89vw, (max-width: 1000px) 54vw, (max-width: 1071px) 543px, 580px\" \/><\/figure>\n\n\n\n<figure class=\"wp-block-image\"><img loading=\"lazy\" decoding=\"async\" width=\"1632\" height=\"1224\" src=\"https:\/\/jakobschafe-ostfriesische-moewen.de\/wp-content\/uploads\/2026\/02\/DSCF1150a.jpg\" alt=\"\" class=\"wp-image-324\" srcset=\"https:\/\/jakobschafe-ostfriesische-moewen.de\/wp-content\/uploads\/2026\/02\/DSCF1150a.jpg 1632w, https:\/\/jakobschafe-ostfriesische-moewen.de\/wp-content\/uploads\/2026\/02\/DSCF1150a-300x225.jpg 300w, https:\/\/jakobschafe-ostfriesische-moewen.de\/wp-content\/uploads\/2026\/02\/DSCF1150a-1024x768.jpg 1024w, https:\/\/jakobschafe-ostfriesische-moewen.de\/wp-content\/uploads\/2026\/02\/DSCF1150a-768x576.jpg 768w, https:\/\/jakobschafe-ostfriesische-moewen.de\/wp-content\/uploads\/2026\/02\/DSCF1150a-1536x1152.jpg 1536w\" sizes=\"auto, (max-width: 767px) 89vw, (max-width: 1000px) 54vw, (max-width: 1071px) 543px, 580px\" \/><\/figure>\n\n\n\n<p>Schaftage in den Niederlanden mit einer Vorf\u00fchrung und Bewertung der Jakobschafe.<\/p>\n\n\n\n<figure class=\"wp-block-image is-style-default\"><img loading=\"lazy\" decoding=\"async\" width=\"1632\" height=\"1224\" src=\"https:\/\/jakobschafe-ostfriesische-moewen.de\/wp-content\/uploads\/2026\/02\/DSCF1147a.jpg\" alt=\"\" class=\"wp-image-323\" srcset=\"https:\/\/jakobschafe-ostfriesische-moewen.de\/wp-content\/uploads\/2026\/02\/DSCF1147a.jpg 1632w, https:\/\/jakobschafe-ostfriesische-moewen.de\/wp-content\/uploads\/2026\/02\/DSCF1147a-300x225.jpg 300w, https:\/\/jakobschafe-ostfriesische-moewen.de\/wp-content\/uploads\/2026\/02\/DSCF1147a-1024x768.jpg 1024w, https:\/\/jakobschafe-ostfriesische-moewen.de\/wp-content\/uploads\/2026\/02\/DSCF1147a-768x576.jpg 768w, https:\/\/jakobschafe-ostfriesische-moewen.de\/wp-content\/uploads\/2026\/02\/DSCF1147a-1536x1152.jpg 1536w\" sizes=\"auto, (max-width: 767px) 89vw, (max-width: 1000px) 54vw, (max-width: 1071px) 543px, 580px\" \/><\/figure>\n\n\n\n<h2 class=\"wp-block-heading\">Zu Besuch bei Freunden in Nordirland und hier bei einer K\u00f6r und Verkaufsveranstaltung<\/h2>\n\n\n\n<figure class=\"wp-block-image\"><img loading=\"lazy\" decoding=\"async\" width=\"2016\" height=\"1512\" src=\"https:\/\/jakobschafe-ostfriesische-moewen.de\/wp-content\/uploads\/2026\/02\/IMG_2323.jpeg\" alt=\"\" class=\"wp-image-341\" srcset=\"https:\/\/jakobschafe-ostfriesische-moewen.de\/wp-content\/uploads\/2026\/02\/IMG_2323.jpeg 2016w, https:\/\/jakobschafe-ostfriesische-moewen.de\/wp-content\/uploads\/2026\/02\/IMG_2323-300x225.jpeg 300w, https:\/\/jakobschafe-ostfriesische-moewen.de\/wp-content\/uploads\/2026\/02\/IMG_2323-1024x768.jpeg 1024w, https:\/\/jakobschafe-ostfriesische-moewen.de\/wp-content\/uploads\/2026\/02\/IMG_2323-768x576.jpeg 768w, https:\/\/jakobschafe-ostfriesische-moewen.de\/wp-content\/uploads\/2026\/02\/IMG_2323-1536x1152.jpeg 1536w\" sizes=\"auto, (max-width: 767px) 89vw, (max-width: 1000px) 54vw, (max-width: 1071px) 543px, 580px\" \/><\/figure>\n\n\n\n<figure class=\"wp-block-image\"><img loading=\"lazy\" decoding=\"async\" width=\"1512\" height=\"2016\" src=\"https:\/\/jakobschafe-ostfriesische-moewen.de\/wp-content\/uploads\/2026\/02\/IMG_2322-rotated.jpeg\" alt=\"\" class=\"wp-image-340\" srcset=\"https:\/\/jakobschafe-ostfriesische-moewen.de\/wp-content\/uploads\/2026\/02\/IMG_2322-rotated.jpeg 1512w, https:\/\/jakobschafe-ostfriesische-moewen.de\/wp-content\/uploads\/2026\/02\/IMG_2322-225x300.jpeg 225w, https:\/\/jakobschafe-ostfriesische-moewen.de\/wp-content\/uploads\/2026\/02\/IMG_2322-768x1024.jpeg 768w, https:\/\/jakobschafe-ostfriesische-moewen.de\/wp-content\/uploads\/2026\/02\/IMG_2322-1152x1536.jpeg 1152w\" sizes=\"auto, (max-width: 767px) 89vw, (max-width: 1000px) 54vw, (max-width: 1071px) 543px, 580px\" \/><\/figure>\n\n\n\n<figure class=\"wp-block-image\"><img loading=\"lazy\" decoding=\"async\" width=\"2016\" height=\"1512\" src=\"https:\/\/jakobschafe-ostfriesische-moewen.de\/wp-content\/uploads\/2026\/02\/IMG_2860.jpeg\" alt=\"\" class=\"wp-image-342\" srcset=\"https:\/\/jakobschafe-ostfriesische-moewen.de\/wp-content\/uploads\/2026\/02\/IMG_2860.jpeg 2016w, https:\/\/jakobschafe-ostfriesische-moewen.de\/wp-content\/uploads\/2026\/02\/IMG_2860-300x225.jpeg 300w, https:\/\/jakobschafe-ostfriesische-moewen.de\/wp-content\/uploads\/2026\/02\/IMG_2860-1024x768.jpeg 1024w, https:\/\/jakobschafe-ostfriesische-moewen.de\/wp-content\/uploads\/2026\/02\/IMG_2860-768x576.jpeg 768w, https:\/\/jakobschafe-ostfriesische-moewen.de\/wp-content\/uploads\/2026\/02\/IMG_2860-1536x1152.jpeg 1536w\" sizes=\"auto, (max-width: 767px) 89vw, (max-width: 1000px) 54vw, (max-width: 1071px) 543px, 580px\" \/><\/figure>\n\n\n\n<figure class=\"wp-block-image\"><img loading=\"lazy\" decoding=\"async\" width=\"1512\" height=\"2016\" src=\"https:\/\/jakobschafe-ostfriesische-moewen.de\/wp-content\/uploads\/2026\/02\/IMG_2862-rotated.jpeg\" alt=\"\" class=\"wp-image-343\" srcset=\"https:\/\/jakobschafe-ostfriesische-moewen.de\/wp-content\/uploads\/2026\/02\/IMG_2862-rotated.jpeg 1512w, https:\/\/jakobschafe-ostfriesische-moewen.de\/wp-content\/uploads\/2026\/02\/IMG_2862-225x300.jpeg 225w, https:\/\/jakobschafe-ostfriesische-moewen.de\/wp-content\/uploads\/2026\/02\/IMG_2862-768x1024.jpeg 768w, https:\/\/jakobschafe-ostfriesische-moewen.de\/wp-content\/uploads\/2026\/02\/IMG_2862-1152x1536.jpeg 1152w\" sizes=\"auto, (max-width: 767px) 89vw, (max-width: 1000px) 54vw, (max-width: 1071px) 543px, 580px\" \/><\/figure>\n\n\n\n<p>Jakobschafe, vorgef\u00fchrt von Melanie Harper und Robert Locker in einer Kleinstadt in den Lowlands von Schottland.<\/p>\n","protected":false},"excerpt":{"rendered":"<p>2025 Landesschau in H\u00fcckeswagen Eine Gruppe Jakobschafe aus Essen mit dem Siegertier Daisy 2022 Vom 30.09.22 bis einschlie\u00dflich 02.10.22 fand die Bundesschau in Alsfeld Hessen mit \u00fcber 500 Schafen statt. Hier wurde ich mit einem Tier Wollsieger. . Wollsieger 2022 Wettbewerb Wolle Berlin\/Bundesschau 2017 Berliner Woche 2014 Bundesschau Saarland Die ersten Zuchttiere aus Schottland Besuch &hellip; <\/p>\n<p class=\"link-more\"><a href=\"https:\/\/jakobschafe-ostfriesische-moewen.de\/?page_id=86\" class=\"more-link\"><span class=\"screen-reader-text\">\u201eVeranstaltungen\u201c <\/span>weiterlesen<\/a><\/p>\n","protected":false},"author":1,"featured_media":0,"parent":0,"menu_order":0,"comment_status":"closed","ping_status":"closed","template":"","meta":{"footnotes":""},"class_list":["post-86","page","type-page","status-publish","hentry"],"_links":{"self":[{"href":"https:\/\/jakobschafe-ostfriesische-moewen.de\/index.php?rest_route=\/wp\/v2\/pages\/86","targetHints":{"allow":["GET"]}}],"collection":[{"href":"https:\/\/jakobschafe-ostfriesische-moewen.de\/index.php?rest_route=\/wp\/v2\/pages"}],"about":[{"href":"https:\/\/jakobschafe-ostfriesische-moewen.de\/index.php?rest_route=\/wp\/v2\/types\/page"}],"author":[{"embeddable":true,"href":"https:\/\/jakobschafe-ostfriesische-moewen.de\/index.php?rest_route=\/wp\/v2\/users\/1"}],"replies":[{"embeddable":true,"href":"https:\/\/jakobschafe-ostfriesische-moewen.de\/index.php?rest_route=%2Fwp%2Fv2%2Fcomments&post=86"}],"version-history":[{"count":28,"href":"https:\/\/jakobschafe-ostfriesische-moewen.de\/index.php?rest_route=\/wp\/v2\/pages\/86\/revisions"}],"predecessor-version":[{"id":356,"href":"https:\/\/jakobschafe-ostfriesische-moewen.de\/index.php?rest_route=\/wp\/v2\/pages\/86\/revisions\/356"}],"wp:attachment":[{"href":"https:\/\/jakobschafe-ostfriesische-moewen.de\/index.php?rest_route=%2Fwp%2Fv2%2Fmedia&parent=86"}],"curies":[{"name":"wp","href":"https:\/\/api.w.org\/{rel}","templated":true}]}}